{"id":221,"date":"2024-07-07T07:47:20","date_gmt":"2024-07-07T07:47:20","guid":{"rendered":"https:\/\/acv.edu.pe\/index.php\/vision-2\/"},"modified":"2024-07-15T03:22:45","modified_gmt":"2024-07-15T03:22:45","slug":"vision-2","status":"publish","type":"page","link":"https:\/\/acv.edu.pe\/index.php\/vision-2\/","title":{"rendered":"Rese\u00f1a Hist\u00f3rica"},"content":{"rendered":"\t\t<div data-elementor-type=\"wp-page\" data-elementor-id=\"221\" class=\"elementor elementor-221\">\n\t\t\t\t<div class=\"elementor-element elementor-element-9f83cd3 e-con-full elementor-hidden-mobile e-flex e-con e-parent\" data-id=\"9f83cd3\" data-element_type=\"container\" data-e-type=\"container\">\n\t\t<div class=\"elementor-element elementor-element-2f3ed46 e-con-full e-flex e-con e-child\" data-id=\"2f3ed46\" data-element_type=\"container\" data-e-type=\"container\">\n\t\t\t\t<div class=\"elementor-element elementor-element-407de75c elementor-widget elementor-widget-text-editor\" data-id=\"407de75c\" data-element_type=\"widget\" data-e-type=\"widget\" data-widget_type=\"text-editor.default\">\n\t\t\t\t<div class=\"elementor-widget-container\">\n\t\t\t\t\t\t\t\t\t<p><\/p>\n<h5><b>La Instituci\u00f3n Educativa Alejandro Cussianovich Villar\u00e1n, fundada en 1997 por la Organizaci\u00f3n \u201cJuventud Obrera Cristiana\u201d, ha sido un faro educativo en Bagua Grande desde sus modestos inicios, hasta la actualidad.<\/b><\/h5><h5><b>Con un equipo dedicado de 30 trabajadores liderados por los maestros Jos\u00e9 Luiz D\u00edaz Ruiz y Elita Yanet Cabrera Idrogo, la escuela contin\u00faa su legado de excelencia educativa, sirviendo como un basti\u00f3n de oportunidades a una poblaci\u00f3n estudiantil de 450 estudiantes en los niveles educativos Inicial, primaria y secundaria.<\/b><\/h5><h5><b>La Instituci\u00f3n Educativa \u201cAlejandro Cussianovich Villar\u00e1n\u201d Con un compromiso inquebrantable con el cambio y la mejora continua actualmente se posiciona como una fuerza impulsora que brinda oportunidades para el crecimiento y el \u00e9xito de todos sus estudiantes, consolidando su lugar como un pilar fundamental en la b\u00fasqueda del desarrollo educativo y el bienestar en la regi\u00f3n.<\/b><\/h5>\n<p><\/p>\n<p><\/p>\n<p><\/p>\n<p><\/p>\n<p><\/p>\t\t\t\t\t\t\t\t<\/div>\n\t\t\t\t<\/div>\n\t\t\t\t<\/div>\n\t\t<div class=\"elementor-element elementor-element-65c517a e-con-full e-flex e-con e-child\" data-id=\"65c517a\" data-element_type=\"container\" data-e-type=\"container\">\n\t\t\t\t<div class=\"elementor-element elementor-element-73f76e7 elementor-widget elementor-widget-spacer\" data-id=\"73f76e7\" data-element_type=\"widget\" data-e-type=\"widget\" data-widget_type=\"spacer.default\">\n\t\t\t\t<div class=\"elementor-widget-container\">\n\t\t\t\t\t\t\t<div class=\"elementor-spacer\">\n\t\t\t<div class=\"elementor-spacer-inner\"><\/div>\n\t\t<\/div>\n\t\t\t\t\t\t<\/div>\n\t\t\t\t<\/div>\n\t\t\t\t<div class=\"elementor-element elementor-element-f241b6f elementor-widget elementor-widget-image\" data-id=\"f241b6f\" data-element_type=\"widget\" data-e-type=\"widget\" data-widget_type=\"image.default\">\n\t\t\t\t<div class=\"elementor-widget-container\">\n\t\t\t\t\t\t\t\t\t\t\t\t\t\t\t<img fetchpriority=\"high\" decoding=\"async\" width=\"487\" height=\"513\" src=\"https:\/\/acv.edu.pe\/wp-content\/uploads\/2024\/07\/WhatsApp_Image_2024-07-02_at_10.58.03_AM-removebg-preview.png\" class=\"attachment-large size-large wp-image-7\" alt=\"\" srcset=\"https:\/\/acv.edu.pe\/wp-content\/uploads\/2024\/07\/WhatsApp_Image_2024-07-02_at_10.58.03_AM-removebg-preview.png 487w, https:\/\/acv.edu.pe\/wp-content\/uploads\/2024\/07\/WhatsApp_Image_2024-07-02_at_10.58.03_AM-removebg-preview-285x300.png 285w\" sizes=\"(max-width: 487px) 100vw, 487px\" \/>\t\t\t\t\t\t\t\t\t\t\t\t\t\t\t<\/div>\n\t\t\t\t<\/div>\n\t\t\t\t<\/div>\n\t\t\t\t<\/div>\n\t\t<div class=\"elementor-element elementor-element-24e6166 e-con-full elementor-hidden-desktop elementor-hidden-tablet e-flex e-con e-parent\" data-id=\"24e6166\" data-element_type=\"container\" data-e-type=\"container\">\n\t\t<div class=\"elementor-element elementor-element-0d7a69e e-con-full e-flex e-con e-child\" data-id=\"0d7a69e\" data-element_type=\"container\" data-e-type=\"container\">\n\t\t\t\t<div class=\"elementor-element elementor-element-170a527 elementor-widget__width-initial elementor-hidden-desktop elementor-hidden-tablet elementor-widget elementor-widget-text-editor\" data-id=\"170a527\" data-element_type=\"widget\" data-e-type=\"widget\" data-widget_type=\"text-editor.default\">\n\t\t\t\t<div class=\"elementor-widget-container\">\n\t\t\t\t\t\t\t\t\t<p><\/p>\n<h6><b>La Instituci\u00f3n Educativa Alejandro Cussianovich Villar\u00e1n, fundada en 1997 por la Organizaci\u00f3n \u201cJuventud Obrera Cristiana\u201d, ha sido un faro educativo en Bagua Grande desde sus modestos inicios, hasta la actualidad.<br>Con un equipo dedicado de 30 trabajadores liderados por los maestros Jos\u00e9 Luiz D\u00edaz Ruiz y Elita Yanet Cabrera Idrogo, la escuela contin\u00faa su legado de excelencia educativa, sirviendo como un bast\u00f3n de oportunidades a una poblaci\u00f3n estudiantil de 450 estudiantes en los niveles educativos Inicial, primaria y secundaria.<br>La Instituci\u00f3n Educativa \u201cAlejandro Cussianovich Villar\u00e1n\u201d Con un compromiso inquebrantable con el cambio y la mejora continua actualmente se posiciona como una fuerza impulsora que brinda oportunidades para el crecimiento y el \u00e9xito de todos sus estudiantes, consolidando su lugar como un pilar fundamental en la b\u00fasqueda del desarrollo educativo y el bienestar en la regi\u00f3n.<\/b><\/h6>\n<p><\/p>\n<p><\/p>\n<p><\/p>\n<p><\/p>\n<p><\/p>\t\t\t\t\t\t\t\t<\/div>\n\t\t\t\t<\/div>\n\t\t\t\t<\/div>\n\t\t<div class=\"elementor-element elementor-element-5eda548 e-con-full e-flex e-con e-child\" data-id=\"5eda548\" data-element_type=\"container\" data-e-type=\"container\">\n\t\t\t\t<div class=\"elementor-element elementor-element-bdfd062 elementor-widget-mobile__width-initial elementor-hidden-desktop elementor-hidden-tablet elementor-widget elementor-widget-image\" data-id=\"bdfd062\" data-element_type=\"widget\" data-e-type=\"widget\" data-settings=\"{&quot;_animation_mobile&quot;:&quot;fadeInUp&quot;}\" data-widget_type=\"image.default\">\n\t\t\t\t<div class=\"elementor-widget-container\">\n\t\t\t\t\t\t\t\t\t\t\t\t\t\t\t<img decoding=\"async\" width=\"285\" height=\"300\" src=\"https:\/\/acv.edu.pe\/wp-content\/uploads\/2024\/07\/WhatsApp_Image_2024-07-02_at_10.58.03_AM-removebg-preview-285x300.png\" class=\"attachment-medium size-medium wp-image-7\" alt=\"\" srcset=\"https:\/\/acv.edu.pe\/wp-content\/uploads\/2024\/07\/WhatsApp_Image_2024-07-02_at_10.58.03_AM-removebg-preview-285x300.png 285w, https:\/\/acv.edu.pe\/wp-content\/uploads\/2024\/07\/WhatsApp_Image_2024-07-02_at_10.58.03_AM-removebg-preview.png 487w\" sizes=\"(max-width: 285px) 100vw, 285px\" \/>\t\t\t\t\t\t\t\t\t\t\t\t\t\t\t<\/div>\n\t\t\t\t<\/div>\n\t\t\t\t<\/div>\n\t\t\t\t<\/div>\n\t\t\t\t<\/div>\n\t\t","protected":false},"excerpt":{"rendered":"<p>La Instituci\u00f3n Educativa Alejandro Cussianovich Villar\u00e1n, fundada en 1997 por la Organizaci\u00f3n \u201cJuventud Obrera Cristiana\u201d, ha sido un faro educativo en Bagua Grande desde sus modestos inicios, hasta la actualidad. Con un equipo dedicado de 30 trabajadores liderados por los maestros Jos\u00e9 Luiz D\u00edaz Ruiz y Elita Yanet Cabrera Idrogo, la escuela contin\u00faa su legado [&hellip;]<\/p>\n","protected":false},"author":1,"featured_media":0,"parent":0,"menu_order":0,"comment_status":"closed","ping_status":"closed","template":"","meta":{"saved_in_kubio":true,"footnotes":""},"class_list":["post-221","page","type-page","status-publish","hentry"],"kubio_ai_page_context":{"short_desc":"","purpose":"general"},"_links":{"self":[{"href":"https:\/\/acv.edu.pe\/index.php\/wp-json\/wp\/v2\/pages\/221","targetHints":{"allow":["GET"]}}],"collection":[{"href":"https:\/\/acv.edu.pe\/index.php\/wp-json\/wp\/v2\/pages"}],"about":[{"href":"https:\/\/acv.edu.pe\/index.php\/wp-json\/wp\/v2\/types\/page"}],"author":[{"embeddable":true,"href":"https:\/\/acv.edu.pe\/index.php\/wp-json\/wp\/v2\/users\/1"}],"replies":[{"embeddable":true,"href":"https:\/\/acv.edu.pe\/index.php\/wp-json\/wp\/v2\/comments?post=221"}],"version-history":[{"count":57,"href":"https:\/\/acv.edu.pe\/index.php\/wp-json\/wp\/v2\/pages\/221\/revisions"}],"predecessor-version":[{"id":715,"href":"https:\/\/acv.edu.pe\/index.php\/wp-json\/wp\/v2\/pages\/221\/revisions\/715"}],"wp:attachment":[{"href":"https:\/\/acv.edu.pe\/index.php\/wp-json\/wp\/v2\/media?parent=221"}],"curies":[{"name":"wp","href":"https:\/\/api.w.org\/{rel}","templated":true}]}}

Reseña Histórica

<div data-elementor-type="wp-page" data-elementor-id="221" class="elementor elementor-221">
				<div class="elementor-element elementor-element-9f83cd3 e-con-full elementor-hidden-mobile e-flex e-con e-parent" data-id="9f83cd3" data-element_type="container" data-e-type="container">
		<div class="elementor-element elementor-element-2f3ed46 e-con-full e-flex e-con e-child" data-id="2f3ed46" data-element_type="container" data-e-type="container">
				<div class="elementor-element elementor-element-407de75c elementor-widget elementor-widget-text-editor" data-id="407de75c" data-element_type="widget" data-e-type="widget" data-widget_type="text-editor.default">
				<div class="elementor-widget-container">
									<p></p>
<h5><b>La Institución Educativa Alejandro Cussianovich Villarán, fundada en 1997 por la Organización “Juventud Obrera Cristiana”, ha sido un faro educativo en Bagua Grande desde sus modestos inicios, hasta la actualidad.</b></h5><h5><b>Con un equipo dedicado de 30 trabajadores liderados por los maestros José Luiz Díaz Ruiz y Elita Yanet Cabrera Idrogo, la escuela continúa su legado de excelencia educativa, sirviendo como un bastión de oportunidades a una población estudiantil de 450 estudiantes en los niveles educativos Inicial, primaria y secundaria.</b></h5><h5><b>La Institución Educativa “Alejandro Cussianovich Villarán” Con un compromiso inquebrantable con el cambio y la mejora continua actualmente se posiciona como una fuerza impulsora que brinda oportunidades para el crecimiento y el éxito de todos sus estudiantes, consolidando su lugar como un pilar fundamental en la búsqueda del desarrollo educativo y el bienestar en la región.</b></h5>
<p></p>
<p></p>
<p></p>
<p></p>
<p></p>								</div>
				</div>
				</div>
		<div class="elementor-element elementor-element-65c517a e-con-full e-flex e-con e-child" data-id="65c517a" data-element_type="container" data-e-type="container">
				<div class="elementor-element elementor-element-73f76e7 elementor-widget elementor-widget-spacer" data-id="73f76e7" data-element_type="widget" data-e-type="widget" data-widget_type="spacer.default">
				<div class="elementor-widget-container">
							<div class="elementor-spacer">
			<div class="elementor-spacer-inner"></div>
		</div>
						</div>
				</div>
				<div class="elementor-element elementor-element-f241b6f elementor-widget elementor-widget-image" data-id="f241b6f" data-element_type="widget" data-e-type="widget" data-widget_type="image.default">
				<div class="elementor-widget-container">
															<img fetchpriority="high" decoding="async" width="487" height="513" src="https://acv.edu.pe/wp-content/uploads/2024/07/WhatsApp_Image_2024-07-02_at_10.58.03_AM-removebg-preview.png" class="attachment-large size-large wp-image-7" alt="" srcset="https://acv.edu.pe/wp-content/uploads/2024/07/WhatsApp_Image_2024-07-02_at_10.58.03_AM-removebg-preview.png 487w, https://acv.edu.pe/wp-content/uploads/2024/07/WhatsApp_Image_2024-07-02_at_10.58.03_AM-removebg-preview-285x300.png 285w" sizes="(max-width: 487px) 100vw, 487px" />															</div>
				</div>
				</div>
				</div>
		<div class="elementor-element elementor-element-24e6166 e-con-full elementor-hidden-desktop elementor-hidden-tablet e-flex e-con e-parent" data-id="24e6166" data-element_type="container" data-e-type="container">
		<div class="elementor-element elementor-element-0d7a69e e-con-full e-flex e-con e-child" data-id="0d7a69e" data-element_type="container" data-e-type="container">
				<div class="elementor-element elementor-element-170a527 elementor-widget__width-initial elementor-hidden-desktop elementor-hidden-tablet elementor-widget elementor-widget-text-editor" data-id="170a527" data-element_type="widget" data-e-type="widget" data-widget_type="text-editor.default">
				<div class="elementor-widget-container">
									<p></p>
<h6><b>La Institución Educativa Alejandro Cussianovich Villarán, fundada en 1997 por la Organización “Juventud Obrera Cristiana”, ha sido un faro educativo en Bagua Grande desde sus modestos inicios, hasta la actualidad.<br>Con un equipo dedicado de 30 trabajadores liderados por los maestros José Luiz Díaz Ruiz y Elita Yanet Cabrera Idrogo, la escuela continúa su legado de excelencia educativa, sirviendo como un bastón de oportunidades a una población estudiantil de 450 estudiantes en los niveles educativos Inicial, primaria y secundaria.<br>La Institución Educativa “Alejandro Cussianovich Villarán” Con un compromiso inquebrantable con el cambio y la mejora continua actualmente se posiciona como una fuerza impulsora que brinda oportunidades para el crecimiento y el éxito de todos sus estudiantes, consolidando su lugar como un pilar fundamental en la búsqueda del desarrollo educativo y el bienestar en la región.</b></h6>
<p></p>
<p></p>
<p></p>
<p></p>
<p></p>								</div>
				</div>
				</div>
		<div class="elementor-element elementor-element-5eda548 e-con-full e-flex e-con e-child" data-id="5eda548" data-element_type="container" data-e-type="container">
				<div class="elementor-element elementor-element-bdfd062 elementor-widget-mobile__width-initial elementor-hidden-desktop elementor-hidden-tablet elementor-widget elementor-widget-image" data-id="bdfd062" data-element_type="widget" data-e-type="widget" data-settings="{&quot;_animation_mobile&quot;:&quot;fadeInUp&quot;}" data-widget_type="image.default">
				<div class="elementor-widget-container">
															<img decoding="async" width="285" height="300" src="https://acv.edu.pe/wp-content/uploads/2024/07/WhatsApp_Image_2024-07-02_at_10.58.03_AM-removebg-preview-285x300.png" class="attachment-medium size-medium wp-image-7" alt="" srcset="https://acv.edu.pe/wp-content/uploads/2024/07/WhatsApp_Image_2024-07-02_at_10.58.03_AM-removebg-preview-285x300.png 285w, https://acv.edu.pe/wp-content/uploads/2024/07/WhatsApp_Image_2024-07-02_at_10.58.03_AM-removebg-preview.png 487w" sizes="(max-width: 285px) 100vw, 285px" />															</div>
				</div>
				</div>
				</div>
				</div>

<p>La Institución Educativa Alejandro Cussianovich Villarán, fundada en 1997 por la Organización “Juventud Obrera Cristiana”, ha sido un faro educativo en Bagua Grande desde sus modestos inicios, hasta la actualidad. Con un equipo dedicado de 30 trabajadores liderados por los maestros José Luiz Díaz Ruiz y Elita Yanet Cabrera Idrogo, la escuela continúa su legado [&hellip;]</p>
